
Suppose 0 = -h - 0*h. Suppose h*a = a. Suppose 0*b = -4*j + 2*b + 80, a = j + 3*b - 27. What are the prime factors of j?
3, 7
Suppose 7*a - a - 24 = 0. Suppose -i + 8 = 3*i, -16 = a*m - 4*i. Let b = 43 + m. What are the prime factors of b?
41
Let p(z) = 11*z**2 - 4*z + 4. Let g = -1 + 4. List the prime factors of p(g).
7, 13
Let d = 14 + -10. Suppose d*y + 8 = 2*b, y - 5*y = 2*b. Suppose -3*g + 5*s - s = -194, -b*s + 164 = 3*g. What are the prime factors of g?
2, 29
Suppose -5*t = -20, 2*l + 2*t = 4*l - 346. What are the prime factors of l?
3, 59
Let x be (425/(-34))/((-1)/70). Suppose r = 2*a + 183, 2*r - 2*a = -3*r + x. List the prime factors of r.
173
Suppose 0 = -s + 4*j - 2*j + 1, -4*j + 25 = s. Let l(g) = -g**3 + 9*g**2 + 2*g - 11. Let w be l(s). Suppose 0 = -2*y - w + 17. List the prime factors of y.
5
Suppose -2*k = -o - k + 468, -488 = -o - 4*k. List the prime factors of o.
2, 59
Let a(m) = 2*m - 13. Let u be a(9). Suppose 5*i + u*n = 35, -i - 2*n = -7*n - 37. What are the prime factors of (-16)/(-96) + 622/i?
2, 13
Let p = 3571 - 864. List the prime factors of p.
2707
Let l(q) = 6*q**2 - 9*q - 5. Let m be l(-7). Suppose 1305 - m = 5*r - 3*i, r + 5*i = 213. Suppose 29 = 6*d - r. List the prime factors of d.
37
Let m = 275 + -189. Let s = -69 + m. List the prime factors of s.
17
Let z(j) = 220*j - 470. What are the prime factors of z(15)?
2, 5, 283
Let u(s) = -s**3 - 4*s**2 + 2. Suppose 0*l = l + 5. What are the prime factors of u(l)?
3
Let a = 9 + -9. Suppose -8 = -4*m + 2*l, a*m - 2*l = -3*m + 8. Suppose 5*b - 69 - 101 = m. What are the prime factors of b?
2, 17
Let l = -3 - -28. What are the prime factors of l?
5
Suppose -x - x = 2. What are the prime factors of 6*(-7 + x)*-1?
2, 3
Let m(q) = q**2 - 2*q + 14. What are the prime factors of m(-21)?
7, 71
Let b = 10 - 8. Let c be (3 - -135) + (-1 - b). Suppose 3*y = -5*l + c, 0*y + 81 = 3*l - y. List the prime factors of l.
3
Let s = 866 + 2547. What are the prime factors of s?
3413
Let j(g) = -g**2 - g + 2. Let s be j(2). Let d be 5/10*s/1. Let r(b) = -2*b. What are the prime factors of r(d)?
2
Let w = -2649 - -3818. What are the prime factors of w?
7, 167
Suppose -14 = 2*r + 4*g - 4, -2*r + g + 15 = 0. Suppose -4*t - 272 = -r*m, 5*t + 214 = 4*m - 0*m. What are the prime factors of m?
2, 7
Suppose -76*b + 17241 + 273763 = 0. List the prime factors of b.
7, 547
Let g be -3 + 3 + 0 + -10. Let h = g + 48. List the prime factors of h.
2, 19
Suppose -94*q - 77550 = -116*q. What are the prime factors of q?
3, 5, 47
Let r = -561 + 1497. List the prime factors of r.
2, 3, 13
Suppose 1827 = 2*m - 3*b, 118 = m + 5*b - 776. List the prime factors of m.
3, 101
Let q(h) = 2*h + 24. Let v be q(-11). Let x be (-2)/(-10) + 1/(-5). Suppose x*w = v*w - 26. What are the prime factors of w?
13
Let y(u) = -u**2 - u + 1. Let j(g) = -7*g**2 - 9*g + 62. Let f(d) = j(d) - 6*y(d). What are the prime factors of f(0)?
2, 7
Suppose -4*w + 11510 = -4262. List the prime factors of w.
3943
Suppose 0 = -2*x, 4*d - 2*d - 4*x = 6. Suppose 4*n - 890 = -d*u, -2*u - 311 = 5*n - 902. List the prime factors of u.
2, 149
Let f(v) = 417*v**3 + 6*v**2 - 5*v + 5. What are the prime factors of f(2)?
5, 11, 61
Let c be ((-1)/9)/(-1) - 17/153. Let q(d) = d**2 - 4*d + 278. What are the prime factors of q(c)?
2, 139
Let j(b) = -b - 8. Suppose 2*t = 4 - 28. Let d be j(t). Suppose -7 = q - d, 2*v - 7 = -3*q. What are the prime factors of v?
2
Suppose -5*l = -3*u + 197 + 146, -347 = 5*l - 2*u. Let k = l - -99. Let d = k - 3. What are the prime factors of d?
5
Let r = -824 - -2036. What are the prime factors of r?
2, 3, 101
Let h(f) = f**3 - 9*f**2 + 10*f - 11. Let p be h(8). Suppose 5*s - s - p*r - 36 = 0, 4*s - 36 = -3*r. What are the prime factors of s?
3
Let y be (0 - -3)/(-1) - -3. Suppose -m + 3 = -y*m. Suppose 5*x - 37 = -h - 2*h, 0 = -m*h + 2*x + 23. List the prime factors of h.
3
List the prime factors of (-29)/(-87) - 98/(-3).
3, 11
Let k be (-1)/(-3) + 1/(-3). Suppose 4*r + g = 4, -2*r = -k*g - 2*g + 8. List the prime factors of (1 - (r - -4)) + 41.
2, 19
Let c(q) = 4*q**2 - 10*q + 3. Let a(m) = -m**2. Let n(i) = 5*a(i) + c(i). Suppose 28 = -5*h + h. List the prime factors of n(h).
2, 3
Suppose 50*f + 1498 = 36198. List the prime factors of f.
2, 347
Suppose 3139 = -9*i + 19096. What are the prime factors of i?
3, 197
Let v(s) = -4*s - 5. Let p be v(-4). Suppose 2*r - p = 7. List the prime factors of r.
3
Let d(f) = f**2 - 11*f - 9. Let x be d(12). Suppose c + x = -5*k + 5, 4*c = -12. Let h = 32 - k. What are the prime factors of h?
31
Let b(t) = -3*t**2 + t - 15 - 10*t - 14*t - 10*t. Let m(y) = -4*y**2 - 49*y - 22. Let o(g) = 7*b(g) - 5*m(g). List the prime factors of o(12).
29
Let r(y) be the second derivative of y**4/12 + y**3/3 - y**2 + 5*y. What are the prime factors of r(-5)?
13
Let q be (-46)/(-12) + (-8)/(-48). Suppose -6*a + q*x = -11*a + 152, -a + 19 = -3*x. List the prime factors of a.
2, 7
Suppose 0 = -a - 25 + 27. List the prime factors of -1*a + 390/5 + -1.
3, 5
Let l(q) = q**2 + 3*q + 4. Let f be l(-3). Suppose p = -f*p + 420. List the prime factors of p.
2, 3, 7
Let v(q) = -q**2 - 11*q + 2. Let k be v(-11). Suppose 4 - k = n. Suppose 0 = 5*m + 5, 3*m = -n*f - m + 42. What are the prime factors of f?
23
Let x(h) = 5*h**3 - 5*h**2 + 15*h - 1. Let j(d) = -4*d**3 + 6*d**2 - 15*d + 1. Let s(k) = 4*j(k) + 3*x(k). What are the prime factors of s(6)?
19
Suppose -w = r + r - 78, -3*w = -3*r - 216. Let y = w - 64. What are the prime factors of y?
2, 5
Suppose 200 = -424*q + 429*q. What are the prime factors of q?
2, 5
Suppose -19 + 1199 = 5*d - 5*k, 0 = 5*k - 15. List the prime factors of d.
239
Let w = 9 - 7. Let a be (-2 - w)*29/4. Let i = a - -35. List the prime factors of i.
2, 3
Let b be (3/3)/((-3)/(-9)). Suppose 5*w - 5*n = 345, 0 = 5*n + 4 + 1. List the prime factors of 3*(w/12 + b).
2, 13
Let f(l) = -2*l - 6. Let n be f(-4). Suppose -n*g = h - 53, 5*h = -4*g + 39 + 58. List the prime factors of -3 + 6 + -2 + g.
29
Let o(s) = s**3 + 14*s**2 + 10*s + 5. Let u(t) = 2*t**3 + 27*t**2 + 19*t + 10. Let m(h) = 7*o(h) - 4*u(h). List the prime factors of m(-10).
5, 11
Suppose -a - u + 8 = -2*u, 5*a - 3*u - 48 = 0. Let l = a - 8. Suppose c = -t + 6, -t + 4*c + l = 2*t. What are the prime factors of t?
2
Suppose 3 - 9 = -3*s. Suppose -4*h - 2*v + 16 = 0, -5*h + s*v + 48 = 19. List the prime factors of h.
5
Let b(y) = -y**3 + 11*y**2 - 5*y + 13. Let r = 45 - 36. What are the prime factors of b(r)?
2, 5, 13
Let t(p) = 2*p**2 - p - 1. Let q be t(-1). Suppose -2*h = w - 195, -2*h + 307 - 109 = q*w. What are the prime factors of h?
2, 3
Suppose -9*b - 7*b + 40576 = 0. What are the prime factors of b?
2, 317
Let m be (-2 + 2)/(4/1 + -2). Suppose m = 10*c + 7*c - 5117. List the prime factors of c.
7, 43
Suppose 4*l - 5*o - 4 = -0*l, -5*l - 3*o + 42 = 0. Suppose -f = -q + l, q + 0*f - 18 = 4*f. What are the prime factors of ((-8)/q)/((-14)/98)?
2, 7
Let a = 31 - 9. Let f be 18/(-99) + (-1228)/a. Let h = f - -82. List the prime factors of h.
2, 13
Let m(a) = -14*a**2 + 27*a + 1. Let b be m(6). List the prime factors of (-933)/(-11) - 62/b.
5, 17
What are the prime factors of (69/(-8))/(3/4)*-40?
2, 5, 23
List the prime factors of ((22688/10)/4)/(18/45).
2, 709
Suppose 0 = -2*w - 3*o + 3 + 12, 24 = w - 4*o. Suppose 3*d + 2*y = -0*d + 103, 0 = -3*y - w. Suppose 9 = -u + d. List the prime factors of u.
2, 7
Suppose 3*p = 2*k + 272, 0*p - 179 = -2*p - k. Let i be 608/18 + 20/p. Suppose 8 - i = -m. What are the prime factors of m?
2, 13
Let d(x) = 4*x - 4*x + 36*x - 2. Let r be d(-1). Let k = -1 - r. What are the prime factors of k?
37
Let n = -21 + 17. Let t(h) = -13*h - 8. What are the prime factors of t(n)?
2, 11
Suppose 17*r - 4*m - 5060 = 13*r, 0 = -m - 5. List the prime factors of r.
2, 3, 5, 7
Suppose -u + 3*u + 11 = w, 0 = -w + u + 8. Let f = 8 - w. Let b(k) = 4*k**2 - k - 2. List the prime factors of b(f).
31
Suppose -5*c = -4*b - 2*c - 48, -3*c = -3*b - 36. List the prime factors of ((-8)/b*78)/1.
2, 13
Let h(o) = 15*o + 37. What are the prime factors of h(17)?
2, 73
Let w be -3 + (-1)/3 + 50/15. Let k(n) = n**2 + n + 91. List the prime factors of k(w).
7, 13
Let x(t) = t**3 - 8*t**2 + 5*t + 2. Let c = 5 - -2. Let m be x